ber?
True
Is 27149 prime?
False
Is 188249 composite?
False
Is 27143 a prime number?
True
Is 36111 composite?
True
Is 2722 composite?
True
Is 233293 prime?
True
Is 549959 prime?
False
Is 37678 a prime number?
False
Is 33917 composite?
True
Is 107819 a composite number?
True
Is 121195 composite?
True
Is 58103 a composite number?
True
Is 545429 a prime number?
True
Is 117863 composite?
True
Is 8402 prime?
False
Is 1229 prime?
True
Is 1201097 a prime number?
True
Is 5497 prime?
False
Is 3528409 composite?
False
Is 188479 a composite number?
True
Is 1871 a prime number?
True
Is 3359 a prime number?
True
Is 61637 prime?
True
Is 14311 prime?
False
Is 1501 composite?
True
Is 1777 a prime number?
True
Is 52361 prime?
True
Is 7369 prime?
True
Is 16873 a composite number?
True
Is 3103 composite?
True
Is 31687 a prime number?
True
Is 31957 a prime number?
True
Is 417089 a prime number?
True
Is 87157 composite?
True
Is 874001 a prime number?
True
Is 13529 a prime number?
False
Is 412223 prime?
False
Is 876419 a composite number?
True
Is 114143 a prime number?
True
Is 16327 a prime number?
False
Is 78133 prime?
False
Is 35078 composite?
True
Is 30769 a prime number?
False
Is 2899 a composite number?
True
Is 953941 a composite number?
False
Is 289546 a composite number?
True
Is 15419 a prime number?
False
Is 1531 prime?
True
Is 110963 a prime number?
False
Is 162989 a prime number?
True
Is 5163 prime?
False
Is 28429 a prime number?
True
Is 9677 prime?
True
Is 77879 a prime number?
False
Is 5359 prime?
False
Is 2653 a composite number?
True
Is 92431 composite?
False
Is 164843 composite?
True
Is 6671 composite?
True
Is 107741 prime?
True
Is 3409 a prime number?
False
Is 736241 a prime number?
False
Is 1333 prime?
False
Is 3235 a composite number?
True
Is 1657 a prime number?
True
Is 108179 composite?
False
Is 1892199 prime?
False
Is 57637 a composite number?
False
Is 9181 composite?
False
Is 54911 prime?
False
Is 70571 a prime number?
True
Is 18339 a composite number?
True
Is 90327 a prime number?
False
Is 75301 composite?
True
Is 6863 a composite number?
False
Is 1197739 a prime number?
True
Is 592289 a composite number?
False
Is 593661 composite?
True
Is 3959 a composite number?
True
Is 453909 composite?
True
Is 24317 composite?
False
Is 69821 composite?
False
Is 769 prime?
True
Is 251 a prime number?
True
Is 145487 a prime number?
True
Is 6017 prime?
False
Is 23339 composite?
False
Is 274403 a prime number?
True
Is 7069 prime?
True
Is 264587 a composite number?
True
Is 7247 a composite number?
False
Is 58027 prime?
True
Is 134 a composite number?
True
Is 1096383 a composite number?
True
Is 28459 a prime number?
False
Is 436399 composite?
False
Is 1243 composite?
True
Is 85103 prime?
True
Is 89303 prime?
True
Is 36919 a prime number?
True
Is 385799 a prime number?
False
Is 91651 prime?
False
Is 1311311 composite?
False
Is 147541 prime?
True
Is 8923 a composite number?
False
Is 11111 a composite number?
True
Is 81547 prime?
True
Is 36866 a composite number?
True
Is 220787 a prime number?
False
Is 248063 composite?
False
Is 1074167 prime?
True
Is 169459 a composite number?
True
Is 5987 a composite number?
False
Is 2815 composite?
True
Is 96079 a prime number?
True
Is 4101 composite?
True
Is 19547 a prime number?
False
Is 7751 a prime number?
False
Is 612601 a prime number?
False
Is 85991 composite?
False
Is 190753 prime?
True
Is 466793 composite?
True
Is 186149 prime?
True
Is 8269 composite?
False
Is 5755 a prime number?
False
Is 30593 a composite number?
False
Is 384277 a composite number?
False
Is 6127 composite?
True
Is 48881 a prime number?
False
Is 1163 a prime number?
True
Is 141409 composite?
True
Is 320431 a prime number?
True
Is 681623 prime?
True
Is 392093 composite?
True
Is 1079 a composite number?
True
Is 388147 prime?
False
Is 32687 composite?
False
Is 1214077 a prime number?
True
Is 1741 a composite number?
False
Is 57047 prime?
True
Is 7493 a composite number?
True
Is 25621 composite?
False
Is 321401 a prime number?
False
Is 177589 composite?
False
Is 25439 a prime number?
True
Is 58 a composite number?
True
Is 425969 composite?
True
Is 85691 a composite number?
False
Is 40193 a composite number?
False
Is 923369 a composite number?
False
Is 305693 a prime number?
False
Is 389 composite?
False
Is 3862 a prime number?
False
Is 63277 composite?
False
Is 25223 a composite number?
True
Is 3466 prime?
False
Is 1259 a composite number?
False
Is 151787 a composite number?
False
Is 2008421 a prime number?
True
Is 401701 prime?
False
Is 6349 prime?
False
Is 395303 composite?
False
Is 80839 a prime number?
False
Is 5851 a composite number?
False
Is 72421 prime?
True
Is 9998 prime?
False
Is 146177 a composite number?
True
Is 1706 a composite number?
True
Is 229457 a composite number?
True
Is 46399 a prime number?
True
Is 296617 a prime number?
False
Is 256639 a prime number?
True
Is 4721 composite?
False
Is 1430767 a prime number?
False
Is 155153 a prime number?
True
Is 629061 a composite number?
True
Is 2603197 composite?
True
Is 23741 a composite number?
False
Is 3377 a prime number?
False
Is 1412201 a prime number?
False
Is 102359 a prime number?
True
Is 153689 prime?
True
Is 374217 a composite number?
True
Is 22531 composite?
False
Is 760985 composite?
True
Is 1099 a prime number?
False
Is 16201 prime?
False
Is 64967 composite?
True
Is 23159 a prime number?
True
Is 146639 prime?
True
Is 3835799 prime?
False
Is 19369 composite?
True
Is 54667 a prime number?
True
Is 88079 a prime number?
True
Is 164503 a prime number?
True
Is 29846 prime?
False
Is 1637 prime?
True
Is 36779 composite?
False
Is 32089 composite?
False
Is 30307 prime?
True
Is 38393 composite?
False
Is 28151 prime?
True
Is 26077 a prime number?
False
Is 721069 a composite number?
True
Is 48793 prime?
False
Is 381371 a prime number?
True
Is 929381 a prime number?
True
Is 1801 prime?
True
Is 45989 composite?
False
Is 498881 a composite number?
False
Is 123787 a composite number?
False
Is 3961 prime?
False
Is 12689 prime?
True
Is 402199 prime?
False
Is 765953 composite?
False
Is 2277577 a composite number?
True
Is 4942415 a prime number?
False
Is 7663 a prime number?
False
Is 130399 a prime number?
True
Is 32647 composite?
False
Is 1232339 a composite number?
False
Is 36029 prime?
False
Is 38351 a composite number?
False
Is 695999 prime?
True
Is 558409 prime?
False
Is 230403 a prime number?
False
Is 134809 a prime number?
False
Is 12197 composite?
False
Is 25199 a composite number?
True
Is 4963 composite?
True
Is 1027777 composite?
False
Is 45995 composite?
True
Is 178967 prime?
False
Is 25793 a composite number?
False
Is 4529 prime?
False
Is 527518 prime?
False
Is 2161 a prime number?
True
Is 23357 prime?
True
Is 136265 prime?
False
Is 91555 composite?
True
Is 206966 a composite number?
True
Is 27635 prime?
False
Is 1777 a prime number?
True
Is 295321 a prime number?
False
Is 26479 prime?
True
Is 10367 a prime number?
False
Is 1076753 composite?
False
Is 366046 a prime number?
False
Is 21739 prime?
True
Is 92297 a prime number?
True
Is 35023 prime?
True
Is 101227 a composite number?
True
Is 15097 prime?
False
Is 1973 composite?
False
Is 29977 a prime number?
False
Is 174169 composite?
False
Is 11099 prime?
False
Is 269009 a prime number?
False
Is 14354 composite?
True
Is 8185 prime?
False
Is 490681 composite?
True
Is 2119 a prime number?
False
Is 21923 prime?
False
Is 34211 prime?
True
Is 739333 prime?
False
Is 781357 prime?
True
Is 736331 composite?
True
Is 58033 a prime number?
False
Is 567527 prime?
True
Is 72785 a composite number?
True
Is 244045 a composite number?
True
Is 9983 composite?
True
Is 128129 a prime number?
False
Is 877801 prime?
False
Is 129977 a composite number?
True
Is 106591 a prime number?
True
Is 95603 prime?
True
Is 87569 composite?
True
Is 105739 composite?
True
Is 198761 composite?
False
Is 2936449 composite?
True
Is 941 prime?
True
Is 52177 a composite number?
False
Is 72587 composite?
True
Is 5519 a prime number?
True
Is 6677 composite?
True
Is 8657 prime?
False
Is 50033 composite?
False
Is 32597 composite?
True
Is 633 a composite number?
True
Is 190262 a composite number?
True
Is 10349 a composite number?
True
Is 97959 a prime number?
False
Is 6971 a prime numb